-b**3 - b + 1. Let a(s) = q*c(s) - v(s). Give a(p).
-3
Suppose 0 = 5*z + 5*o - 4*o - 45, 3*z = -o + 29. Let n(q) = q**2 - 9*q + 3. Determine n(z).
-5
Let t be 5/(10/(-16))*-1. Let r = 5 - t. Let i(p) = -7*p - 8. Let b(n) = 3*n + 4. Let c(v) = -5*b(v) - 2*i(v). Calculate c(r).
-1
Let r(c) = -4*c**2 - 9*c - 3. Let z(i) = 7*i**2 + 17*i + 6. Let m(t) = 5*r(t) + 3*z(t). Give m(-5).
-2
Let b(l) = 4*l - 2*l - 5 - 4*l + 3*l. Let n be (20 - -1)*(-7)/(-21). Determine b(n).
2
Let q(s) = -s**2 - 9*s + 9. Let a be q(-10). Let n(i) be the first derivative of -i**4/2 + i**3/3 + i**2 + i + 3. Determine n(a).
2
Let n(a) = 7*a**2 + a + 2. Let h(x) = -22*x**2 - 6*x - 9. Let d(q) = 7*q**2 + 2*q + 3. Let z(k) = -17*d(k) - 6*h(k). Let s(c) = 5*n(c) - 3*z(c). Calculate s(1).
-4
Let h(z) = -4*z. Let f(o) = o**2 + 9*o + 7. Let x(p) be the first derivative of -p**2/2 - 2*p + 2. Let m be x(6). Let u be f(m). Determine h(u).
4
Let q = 130 - 119. Let z(l) = l - 5. What is z(q)?
6
Let y be (-6)/6 - (-8)/(-2). Let r(p) = p**3 + 5*p**2 + 3*p. Give r(y).
-15
Suppose 2*i - 2*h + 3*h = 1, 0 = -3*i + 5*h + 21. Let l(m) = -m**3 + 0*m**2 + i*m**2 - 2 + m**2 + 4*m. Determine l(4).
-2
Suppose 3*h - 35 = -4*h. Let y(i) = i + 1. Give y(h).
6
Let o be (4 - 2) + -2 + 1. Let b(s) be the third derivative of s**8/560 + s**5/120 - s**4/12 + s**2. Let v(p) be the second derivative of b(p). Calculate v(o).
13
Let l(g) = -g**2 + 8*g + 6. Let h(i) = -i**2 + i + 1. Let t(q) = -4*h(q) + l(q). What is t(-2)?
6
Suppose -x + 2 - 11 = 0. Let q be x/(-6) + 2/(-4). Let h(a) = 2*a**3 - a**2 - a + 1. Calculate h(q).
1
Let i = 2 - 0. Let a(h) = 3*h**2 + 1 - 3*h - 3*h**i + h**2. Suppose 0 = -3*z + 6*z - 6. Determine a(z).
-1
Let k(q) = q. Let i be k(-1). Suppose 2*w - 13 = -9. Let j(n) = -5*n**3 + 0*n**w - n**2 + 9*n**3. Determine j(i).
-5
Let q(k) = -5*k**3 - 8*k**2 + 3*k + 3. Let y(l) = 11*l**3 + 17*l**2 - 7*l - 7. Let p(u) = 9*q(u) + 4*y(u). Let c = 7 + -11. Give p(c).
3
Let d(h) = -4*h + 6. Let l be d(4). Let g be (-4)/(-18) - l/(-45). Let f(o) = o**3 - o**2 + o + 6. What is f(g)?
6
Let c = 13 + -18. Let u(l) = 5*l**2 - 5*l + 13. Let g(z) = 4*z**2 - 5*z + 12. Let k(f) = c*u(f) + 6*g(f). Determine k(-5).
7
Let p(s) = s**3 - 4*s**2 + 2*s - 7. Let x = 8 - 4. Let g be p(x). Let j(h) = -6*h. Calculate j(g).
-6
Let h(q) be the third derivative of -q**4/8 - 2*q**3/3 - q**2 + 17*q. Let j be 3/(-3*(-1)/(-4)). What is h(j)?
8
Suppose 3*q - 4*t - 35 = 0, 7*q - 3*t - 40 = 2*q. Let r(b) = -5 - b**3 + 5*b**2 + q + 5*b. Calculate r(6).
-6
Let d(c) be the second derivative of 3*c**3/2 - 21*c. Calculate d(-1).
-9
Suppose 1 = 2*y - 5. Suppose -2*x = 5*d - 2 - 6, y*d = 0. Let t(w) = -5*w + x*w + 3 + 2. Calculate t(0).
5
Suppose 2*l - 1 = 9. Let h(g) = g**2 - 5*g + 6. Give h(l).
6
Let d(h) = h**2 + 3*h - 2. Suppose -2*z - 2*n - 4 = -0*z, -5*z = -3*n + 26. What is d(z)?
2
Let g(x) be the third derivative of x**5/60 + 5*x**4/24 + 7*x**3/6 - 11*x**2. Calculate g(-5).
7
Let j(h) = h + 10. Let u be 10/(1*(3 + -5)). Calculate j(u).
5
Let c = -13 + 26. Let u be (c/3)/(2/(-6)). Let v = u + 9. Let z(b) = b**2 + 6*b. Determine z(v).
-8
Let i(c) = c**2 - 3*c + 1. Let t be (-2*(-3)/2)/1. Let w be i(t). Let b(n) = 4*n**2 + n - 1. Let l be b(w). Let v(s) = -s**2 + 3*s. Determine v(l).
-4
Let d(k) = -k**3 + 6*k**2 + 7*k + 8. Let b = 52 - 34. Suppose -10 - b = -4*j. What is d(j)?
8
Let k(c) = 6*c**3 - 6*c**2 + 7*c + 2. Let h(g) = 7*g**3 - 7*g**2 + 8*g + 3. Let t(i) = -5*h(i) + 6*k(i). What is t(2)?
5
Let m(j) be the first derivative of -j**2/2 + j - 3. Let g(f) = -10*f + 5. Let c(v) = -g(v) + 6*m(v). Give c(1).
5
Let q(d) = -14*d**2 + d. Let w be -2*-2*5/(-20). Calculate q(w).
-15
Let d = 7 + -10. Let o(r) = -2*r. Calculate o(d).
6
Suppose 2*n + 3*n - u = 33, 0 = u + 3. Let b = -10 + n. Let o be (2 - 3)/(2/b). Let q(j) = -j**3 + 2*j**2 + 3*j - 3. Give q(o).
3
Let d(v) = -v + 4. Let j = 8 + -4. Suppose 0 = -0*w - 2*w - 2. Let c = j - w. What is d(c)?
-1
Let j be 2/(-6) - (-21)/9. Let v = 0 + j. Let d = 3 + v. Let r(n) = -n**3 + 5*n**2 + 6. Determine r(d).
6
Let s(d) = 2*d + 7 - 2*d**3 - d**2 - 6 + 3*d**2. Determine s(-1).
3
Let d(x) = -7*x - 3. Let t(c) = -20*c - 8. Let a(q) = -11*d(q) + 4*t(q). Let o(w) = w - 4. Let m be o(3). What is a(m)?
4
Let t be ((-2)/(-6))/((-4)/(-24)). Let d(w) = w**3 + w**2 + 3*w**3 + 0*w**t + 3*w**3. Suppose -3*a + 1 = 4. What is d(a)?
-6
Let z(x) = -3*x**3 - 5*x**2 - 9*x + 3. Let l(h) = h**3 + h + 1. Let w(j) = 4*l(j) + z(j). Give w(6).
13
Let y(b) = -b**2 + 2*b + 2. Let i be y(4). Let d(k) = k**2 + k. Let g(z) = 5*z**2 + 7*z - 11. Let q(f) = i*d(f) + g(f). What is q(0)?
-11
Let b = 1 - -2. Suppose -h - 8 = -b. Let l(o) = -2*o - 5. Give l(h).
5
Let y(o) = -o + 1. Let b(c) = -2*c - 4. Let f(m) = -m - 4. Let r(g) = -2*b(g) + 3*f(g). Let x(t) = -r(t) - 2*y(t). What is x(-6)?
-4
Let y(w) = -3*w + 3*w - 2*w + 4 - 2. Suppose -o = -4*q - 4*o + 8, -2*q + 5*o = -4. Let g = 0 + q. Calculate y(g).
-2
Suppose 5*v - 25 = 2*x, 0 = 10*v - 7*v - 3*x - 24. Let a(b) = b**2 + b. What is a(v)?
12
Let a(i) = -3 - i + i**3 + 0*i + i**2 - 3*i**3 + 4*i. Calculate a(2).
-9
Let t(h) = -4*h**2 - 134 + 0*h**3 - h**3 + 139 - 2*h**2 + 8*h. What is t(-7)?
-2
Let h(a) = a**3 + 9*a**2 + a + 2. Suppose -27 = 6*d - 3*d. Give h(d).
-7
Let i be (0/2)/(4 - 3). Let f be 2/1 + 0/9. Suppose -5*p + 0*p = 3*d, i = 3*p - f*d + 19. Let g(k) = -k - 5. Calculate g(p).
-2
Let f(w) = w - w**2 - 1 + 2*w + 2*w**2. Suppose 3 = -5*s + 13. Let l = -2 - s. Determine f(l).
3
Let u be 4 + (-3 - -2)*1. Suppose -u*g + 2 = -1. Let s(n) = 4*n. What is s(g)?
4
Let g(m) = -4*m + 10. Let t(w) = -2*w + 5. Let x(k) = -6*g(k) + 13*t(k). Give x(5).
-5
Let c be (-104)/(-18) - 4/(-18). Let p(n) = -n**2 - 8*n - 3. Let b be p(-7). Suppose 2*d + b = -c. Let j(g) = g - 3. Calculate j(d).
-8
Let x(t) = t. Let m be x(3). Suppose -2*f - 2 = -m*a + 3, 5*f = -3*a + 19. Let s(w) = -3*w + 6 - f - 2 + 0. Give s(-3).
11
Let s = -1 - -2. Let k(h) = h + 1. Let n(a) = -a - 1. Let t(b) = -3*k(b) - 4*n(b). What is t(s)?
2
Let m(p) = p**2 + 2*p - 5. Let b = 3 + -13. Let z = 17 + b. Let u = -11 + z. Determine m(u).
3
Let d(u) = -u + 2. Let p(c) = 2*c - 41. Let g be p(22). Calculate d(g).
-1
Let a(y) be the third derivative of -y**6/120 + y**5/120 + y**4/6 + 4*y**2. Let s(d) be the second derivative of a(d). What is s(1)?
-5
Let z(o) = -3*o**2 - 7*o - 1. Let n(m) = 3*m**2 - 2 + 10*m + 0 + 2*m**2 + 3. Let r(w) = -5*n(w) - 8*z(w). Determine r(6).
3
Let p(m) = 2*m + 2 + 2*m - 3*m - m**2. Suppose l - 6 = -l. Suppose -4*w + l*w = -3. What is p(w)?
-4
Let p(k) = k**2 + 3*k. Let s = -17 + 14. Let o be p(s). Let z(i) = i - 7. Determine z(o).
-7
Let n(a) be the first derivative of -1/2*a**2 - 1 + 0*a. Calculate n(4).
-4
Let d(o) = o**2 + 3*o + 3. Let w(t) = 3*t**2 + 6*t + 6. Let q(m) = 5*d(m) - 2*w(m). Determine q(6).
-15
Let g(d) be the first derivative of 2*d**2 - 5*d + 44. Suppose -3*q = -0*q - 15. Give g(q).
15
Suppose -4*u - 5*m + 7 + 6 = 0, -2*u - 3*m + 7 = 0. Suppose 0 = -u*k + k - 2. Let a(s) = -7*s - 3. What is a(k)?
11
Let f(p) = p**3 - 4*p + 4. Let c be ((-3)/(-9))/(1/9 + 0). Give f(c).
19
Let m(g) be the third derivative of -g**7/2520 + g**6/720 + g**5/15 - 7*g**4/24 - 7*g**2. Let w(z) be the second derivative of m(z). Determine w(0).
8
Let i(u) = 3*u - 3. Let n(z) = z**2 + 3*z + 2. Let w be n(-3). Suppose -12 = w*d + d. Let h = d - -6. Give i(h).
3
Let k(j) = 2*j**2 - 8*j. Let l(c) = 3*c**2 - 15*c. Let q(h) = 5*k(h) - 3*l(h). Suppose 2*f - 2 = -6, 4*d - 4*f + 12 = 0. Give q(d).
0
Let k(i) = -4*i + 9. Let q(n) = -3*n + 8. Let a(z) = 2*k(z) - 3*q(z). Calculate a(6).
0
Let t(j) = -1 - j + 4 + 5*j**2 - 5*j. Suppose -3*l = 3*x - 0*l + 30, -30 = 4*x + 2*l. Let r(g) = -4*g**2 + 5*g - 3. Let a(v) = x*t(v) - 6*r(v). Calculate a(-3).
-6
Suppose 0*g = -g + 1, -2 = 3*i + g. Let u(t) = 3*t - 6*t + 4*t**3 + 3*t - 1 - 2*t. Calculate u(i).
-3
Let q(n) = 0 + 4 - 5 - 8*n - 6*n**3 + 4*n. Let o(h) = -h. Let g(l) = 2*l. Let p(m) = -6*g(m) - 13*o(m). Let b(t) = 4*p(t) + q(t). Determine b(1).
-7
Let z = -31 - -33. Let s(g) be the first derivative of z + g + 1/2*g**2. What is s(5)?
6
Let h(i) = -2*i - 9. Let s be h(-5). Let j = 6 - 4. Let t = j + s. Let g(y) = y - 4. Determine g(t).
-1
Let l(o) be the first deriva